
Calculate the remainder when 39 is divided by 7.
4
What is the remainder when 315 is divided by 46?
39
What is the remainder when 783 is divided by 382?
19
What is the remainder when 139 is divided by 9?
4
Calculate the remainder when 54 is divided by 29.
25
What is the remainder when 208 is divided by 109?
99
What is the remainder when 189 is divided by 66?
57
Calculate the remainder when 382 is divided by 12.
10
Calculate the remainder when 96 is divided by 35.
26
Calculate the remainder when 4924 is divided by 1635.
19
What is the remainder when 330 is divided by 40?
10
What is the remainder when 670 is divided by 122?
60
Calculate the remainder when 334 is divided by 85.
79
What is the remainder when 597 is divided by 59?
7
What is the remainder when 85 is divided by 29?
27
Calculate the remainder when 163 is divided by 88.
75
Calculate the remainder when 227 is divided by 47.
39
What is the remainder when 516 is divided by 52?
48
What is the remainder when 1679 is divided by 167?
9
What is the remainder when 55 is divided by 47?
8
Calculate the remainder when 112 is divided by 25.
12
What is the remainder when 278 is divided by 67?
10
Calculate the remainder when 400 is divided by 31.
28
Calculate the remainder when 322 is divided by 105.
7
What is the remainder when 2781 is divided by 925?
6
Calculate the remainder when 1630 is divided by 71.
68
Calculate the remainder when 317 is divided by 20.
17
Calculate the remainder when 69 is divided by 17.
1
What is the remainder when 398 is divided by 81?
74
What is the remainder when 7979 is divided by 333?
320
What is the remainder when 3921 is divided by 74?
73
What is the remainder when 738 is divided by 144?
18
What is the remainder when 313 is divided by 21?
19
Calculate the remainder when 349 is divided by 13.
11
What is the remainder when 1097 is divided by 74?
61
Calculate the remainder when 536 is divided by 70.
46
Calculate the remainder when 118 is divided by 59.
0
Calculate the remainder when 350 is divided by 104.
38
What is the remainder when 89 is divided by 51?
38
Calculate the remainder when 3353 is divided by 86.
85
Calculate the remainder when 151 is divided by 76.
75
Calculate the remainder when 2597 is divided by 40.
37
Calculate the remainder when 605 is divided by 101.
100
Calculate the remainder when 205 is divided by 103.
102
What is the remainder when 1109 is divided by 68?
21
Calculate the remainder when 252 is divided by 64.
60
Calculate the remainder when 979 is divided by 162.
7
Calculate the remainder when 147 is divided by 24.
3
What is the remainder when 993 is divided by 237?
45
What is the remainder when 476 is divided by 21?
14
What is the remainder when 628 is divided by 42?
40
Calculate the remainder when 212 is divided by 64.
20
Calculate the remainder when 140 is divided by 4.
0
What is the remainder when 10338 is divided by 323?
2
What is the remainder when 87 is divided by 39?
9
What is the remainder when 795 is divided by 8?
3
What is the remainder when 124 is divided by 49?
26
What is the remainder when 883 is divided by 127?
121
What is the remainder when 642 is divided by 72?
66
Calculate the remainder when 437 is divided by 20.
17
What is the remainder when 290 is divided by 44?
26
What is the remainder when 3783 is divided by 43?
42
What is the remainder when 1075 is divided by 30?
25
What is the remainder when 413 is divided by 87?
65
What is the remainder when 2379 is divided by 2372?
7
What is the remainder when 99 is divided by 17?
14
Calculate the remainder when 5775 is divided by 214.
211
What is the remainder when 2475 is divided by 21?
18
What is the remainder when 89 is divided by 25?
14
What is the remainder when 424 is divided by 126?
46
What is the remainder when 1269 is divided by 87?
51
What is the remainder when 485 is divided by 81?
80
What is the remainder when 108 is divided by 10?
8
What is the remainder when 579 is divided by 170?
69
What is the remainder when 46 is divided by 21?
4
Calculate the remainder when 7302 is divided by 44.
42
What is the remainder when 4349 is divided by 16?
13
What is the remainder when 720 is divided by 386?
334
Calculate the remainder when 5031 is divided by 37.
36
What is the remainder when 63 is divided by 12?
3
What is the remainder when 11307 is divided by 39?
36
Calculate the remainder when 3855 is divided by 99.
93
What is the remainder when 189 is divided by 53?
30
What is the remainder when 956 is divided by 80?
76
What is the remainder when 1277 is divided by 217?
192
What is the remainder when 8966 is divided by 118?
116
Calculate the remainder when 183 is divided by 46.
45
What is the remainder when 1220 is divided by 59?
40
What is the remainder when 3562 is divided by 39?
13
Calculate the remainder when 1521 is divided by 384.
369
What is the remainder when 1292 is divided by 130?
122
Calculate the remainder when 246 is divided by 41.
0
What is the remainder when 166 is divided by 30?
16
Calculate the remainder when 316 is divided by 34.
10
Calculate the remainder when 144 is divided by 15.
9
What is the remainder when 312 is divided by 105?
102
Calculate the remainder when 224 is divided by 55.
4
Calculate the remainder when 835 is divided by 27.
25
Calculate the remainder when 636 is divided by 169.
129
Calculate the remainder when 573 is divided by 25.
23
What is the remainder when 46 is divided by 36?
10
What is the remainder when 51 is divided by 11?
7
Calculate the remainder when 531 is divided by 274.
257
What is the remainder when 27298 is divided by 175?
173
Calculate the remainder when 147 is divided by 70.
7
What is the remainder when 2409 is divided by 6?
3
Calculate the remainder when 2485 is divided by 78.
67
What is the remainder when 9879 is divided by 41?
39
Calculate the remainder when 361 is divided by 47.
32
What is the remainder when 305 is divided by 24?
17
Calculate the remainder when 23456 is divided by 74.
72
What is the remainder when 900 is divided by 89?
10
What is the remainder when 259 is divided by 87?
85
Calculate the remainder when 714 is divided by 181.
171
What is the remainder when 551 is divided by 24?
23
Calculate the remainder when 506 is divided by 15.
11
Calculate the remainder when 865 is divided by 8.
1
What is the remainder when 109 is divided by 22?
21
What is the remainder when 310 is divided by 26?
24
Calculate the remainder when 1279 is divided by 10.
9
Calculate the remainder when 886 is divided by 73.
10
Calculate the remainder when 200 is divided by 64.
8
Calculate the remainder when 154 is divided by 57.
40
What is the remainder when 350 is divided by 179?
171
Calculate the remainder when 1250 is divided by 320.
290
Calculate the remainder when 869 is divided by 13.
11
What is the remainder when 200 is divided by 41?
36
Calculate the remainder when 66 is divided by 18.
12
Calculate the remainder when 2172 is divided by 32.
28
Calculate the remainder when 458 is divided by 153.
152
What is the remainder when 182 is divided by 47?
41
Calculate the remainder when 4299 is divided by 47.
22
Calculate the remainder when 1144 is divided by 368.
40
What is the remainder when 129 is divided by 33?
30
What is the remainder when 338 is divided by 137?
64
Calculate the remainder when 1424 is divided by 25.
24
Calculate the remainder when 62 is divided by 22.
18
What is the remainder when 521 is divided by 23?
15
What is the remainder when 95 is divided by 4?
3
Calculate the remainder when 4369 is divided by 31.
29
What is the remainder when 1789 is divided by 10?
9
Calculate the remainder when 146 is divided by 46.
8
Calculate the remainder when 98 is divided by 83.
15
What is the remainder when 997 is divided by 50?
47
Calculate the remainder when 370 is divided by 93.
91
What is the remainder when 1347 is divided by 445?
12
What is the remainder when 54 is divided by 38?
16
What is the remainder when 249 is divided by 53?
37
Calculate the remainder when 567 is divided by 57.
54
What is the remainder when 642 is divided by 23?
21
What is the remainder when 1144 is divided by 50?
44
Calculate the remainder when 580 is divided by 19.
10
What is the remainder when 515 is divided by 479?
36
What is the remainder when 8318 is divided by 2771?
